5111377?
False
Is 93 a factor of 992145236?
False
Is 458 a factor of 25349796?
False
Is 85 a factor of 94225837?
False
Does 283 divide 22458384?
False
Is 32 a factor of 46209216?
True
Is 2601 a factor of 40450752?
True
Is 42 a factor of 4496502?
False
Is 81192239 a multiple of 109?
False
Does 2631 divide 209451401?
False
Is 30 a factor of 39287430?
True
Is 107 a factor of 19792646?
True
Is 16609751 a multiple of 983?
True
Is 196 a factor of 23674056?
True
Does 10 divide 42067515?
False
Is 270553834 a multiple of 41?
True
Does 3189 divide 62794382?
False
Is 28802340 a multiple of 140?
True
Is 43364338 a multiple of 667?
True
Is 61 a factor of 1080600360?
True
Is 7014 a factor of 510265517?
False
Does 22 divide 7701210?
True
Is 132 a factor of 99820380?
True
Is 519866451 a multiple of 9217?
True
Is 12592956 a multiple of 12?
True
Is 445 a factor of 645338110?
True
Is 1098 a factor of 1028867011?
False
Does 75 divide 42690450?
True
Does 10 divide 85638040?
True
Does 7 divide 2240644?
True
Is 474370545 a multiple of 11?
True
Is 365 a factor of 30520935?
True
Does 38 divide 404490658?
True
Is 862 a factor of 68689812?
False
Is 260623566 a multiple of 1071?
True
Does 29 divide 30577977?
True
Is 6128595 a multiple of 9?
True
Is 730589608 a multiple of 974?
True
Does 4 divide 2386407?
False
Is 32 a factor of 13666321?
False
Is 413645740 a multiple of 730?
True
Is 3 a factor of 92360160?
True
Does 26 divide 305794880?
False
Is 260519910 a multiple of 534?
True
Is 536026622 even?
True
Is 1701 a factor of 295861734?
True
Is 21 a factor of 219684171?
True
Is 58357873 a multiple of 133?
True
Is 80 a factor of 1114400?
True
Does 59 divide 139744366?
False
Is 41463009 a multiple of 9?
True
Is 391853427 a multiple of 1236?
False
Is 307 a factor of 56910432?
True
Is 259 a factor of 61149630?
False
Is 63403775 a multiple of 282?
False
Is 12453080 a multiple of 2165?
True
Is 55433430 a multiple of 170?
True
Is 163963560 a multiple of 40?
True
Is 350 a factor of 6927200?
True
Is 2596491488 a multiple of 151?
False
Does 35 divide 107476464?
False
Is 184020074 a multiple of 36?
False
Does 22 divide 89075596?
False
Does 3410 divide 24541770?
True
Is 202560 a multiple of 422?
True
Does 165 divide 376667921?
False
Does 2605 divide 406601425?
True
Is 3121 a factor of 39324600?
True
Is 1716453884 a multiple of 21?
False
Does 236 divide 1277874628?
True
Does 4875 divide 2972477625?
True
Is 55295660 a multiple of 10?
True
Does 207 divide 30125150?
False
Is 167 a factor of 438320493?
False
Is 5027670 a multiple of 486?
True
Is 686075201 a multiple of 71?
True
Is 12 a factor of 292721088?
True
Is 39004528 a multiple of 68?
True
Is 72935100 a multiple of 85?
True
Is 6 a factor of 257637778?
False
Is 33394783 a multiple of 2248?
False
Is 2107453696 a multiple of 32?
True
Does 16 divide 22399697?
False
Is 4493655 a multiple of 87?
False
Is 34 a factor of 113527625?
False
Does 12539 divide 2061662921?
False
Is 964241640 a multiple of 122?
True
Is 26070003 a multiple of 20?
False
Is 313 a factor of 182847729?
False
Is 63041879 a multiple of 1279?
False
Is 524937575 a multiple of 1482?
False
Is 110171064 a multiple of 12?
True
Is 127519286 a multiple of 8?
False
Is 23 a factor of 28297682?
True
Is 490865569 a multiple of 22?
False
Does 126 divide 16235255?
False
Is 51522494 a multiple of 330?
False
Is 238970219 a multiple of 2709?
False
Is 109578420 a multiple of 263?
False
Is 71358594 a multiple of 330?
False
Is 259 a factor of 44790695?
False
Does 190 divide 1071389819?
False
Does 1365 divide 13091715?
True
Is 188807570 a multiple of 35?
True
Does 39 divide 247637871?
True
Is 4689943295 a multiple of 38?
False
Does 23 divide 82615728?
False
Is 273 a factor of 2168536?
False
Is 434731700 a multiple of 1300?
True
Is 366 a factor of 712338858?
False
Is 432505409 a multiple of 23?
True
Is 1779143000 a multiple of 1270?
True
Is 662 a factor of 142655704?
True
Is 131 a factor of 190841455?
True
Does 3229 divide 189681147?
True
Is 602 a factor of 348749436?
True
Is 284749005 a multiple of 81?
False
Is 34 a factor of 759023378?
True
Does 252 divide 299858580?
True
Is 6 a factor of 4837224?
True
Does 7 divide 608978093?
False
Is 1653685991 a multiple of 1080?
False
Is 174004015 a multiple of 215?
True
Is 207831328 a multiple of 26?
False
Is 120 a factor of 5143155231?
False
Does 506 divide 181952724?
False
Is 9 a factor of 801294575?
False
Is 1253090 a multiple of 5?
True
Is 46893837 a multiple of 17?
True
Does 77 divide 1406941074?
True
Is 7498528 a multiple of 8?
True
Is 45972096 a multiple of 1216?
True
Is 197882541 a multiple of 4261?
False
Does 6247 divide 264810330?
True
Does 6 divide 14651340?
True
Does 52 divide 35500400?
True
Is 23 a factor of 684375902?
True
Does 2965 divide 485109580?
True
Is 115667889 a multiple of 53?
True
Is 99 a factor of 4140896?
False
Is 173 a factor of 276115298?
False
Is 9 a factor of 67601395?
False
Is 21941158 a multiple of 111?
False
Is 12 a factor of 56302470?
False
Is 25840800 a multiple of 225?
True
Does 129 divide 871816167?
False
Is 14 a factor of 297788161?
False
Does 15 divide 40164208?
False
Does 27 divide 4419434?
False
Does 2727 divide 148940559?
True
Does 682 divide 326678?
True
Does 432 divide 995980608?
False
Is 658 a factor of 213931570?
False
Does 35 divide 15322615?
True
Is 934958984 a multiple of 53?
False
Is 294 a factor of 221851040?
False
Is 18 a factor of 61349626?
False
Is 21 a factor of 425613040?
False
Is 84 a factor of 15424780?
False
Does 36 divide 112611996?
True
Does 480 divide 131138802?
False
Does 27 divide 61769196?
True
Is 10944240 a multiple of 620?
True
Is 71788410 a multiple of 135?
True
Does 19 divide 6625571093?
False
Does 153 divide 2078217?
False
Is 39 a factor of 2597217714?
True
Is 543988839 a multiple of 203?
False
Is 62 a factor of 1156961?
False
Does 122 divide 36042631?
False
Is 23499002 a multiple of 29?
False
Does 15 divide 3208110079?
False
Is 7600 a factor of 330706400?
True
Is 808 a factor of 19194040?
True
Does 207 divide 886461975?
True
Does 263 divide 132262918?
False
Is 32 a factor of 166172745?
False
Does 2 divide 107927?
False
Is 29643075 a multiple of 9?
True
Is 2191956888 a multiple of 19?
True
Is 240813074 a multiple of 10?
False
Is 780 a factor of 47080020?
True
Is 150 a factor of 729790616?
False
Is 536 a factor of 94953048?
False
Is 9210380 a multiple of 2011?
True
Is 7081001 a multiple of 75?
False
Is 38 a factor of 14426656?
False
Is 36 a factor of 256984704?
True
Does 212 divide 2075995231?
False
Is 3760 a factor of 2486133230?
False
Does 22 divide 588612178?
True
Is 25 a factor of 122884800?
True
Does 116 divide 199429390?
False
Is 41181086 a multiple of 78?
False
Is 86006368 a multiple of 194?
False
Is 212 a factor of 20288400?
True
Is 320678344 a multiple of 833?
True
Is 741448071 a multiple of 2249?
True
Is 545 a factor of 498713735?
False
Is 3810064 a multiple of 16?
True
Is 64330474 a multiple of 30?
False
Is 24 a factor of 18927406?
False
Does 198 divide 110239074?
True
Does 23 divide 9202783?
True
Is 16467823 a multiple of 791?
False
Does 1698 divide 115554280?
False
Is 52780202 a multiple of 23?
False
Is 410 a factor of 267393679?
False
Is 464333591 a multiple of 12?
False
Does 97 divide 785560611?
True
Is 1276 a factor of 2397536372?
True
Is 40 a factor of 148234440?
True
Does 4209 divide 1643792625?
False
Is 108933550 a multiple of 53?
True
Does 128 divide 457210624?
True
Is 9590663 a multiple of 27?
False
Is 209 a factor of 36693521?
False
Does 352 divide 6027584?
False
Is 10538243 a multiple of 31?
False
Does 484 divide 124248608?
True
Does 4971 divide 288179830?
False
Does 993 divide 16194893?
False
Is 954434601 a multiple of 413?
False
Is 2127815505 a multiple of 157?
True
Is 81362900 a multiple of 10?
True
Is 29495952 a multiple of 612?
True
Is 100598943 a multiple of 17?
False
Is 1976672687 a multiple of 176?
False
Is 99 a factor of 1148552?
False
Is 12 a factor of 75051630?
False
Is 12 a factor of 25062336?
True
Is 228629136 a multiple of 409?
False
Is 1047282608 a multiple of 104?
False
Is 64 a factor of 104693760?
True
Is 36964880 a multiple of 16?
True
Is 16725948 a multiple of 1938?
False
Is 582 a factor of 83417478?
True
Is 30 a factor of 25221360?
True
Is 